{"id":20745,"date":"2021-04-08T09:26:25","date_gmt":"2021-04-08T09:26:25","guid":{"rendered":"https:\/\/decor.md\/?post_type=product&#038;p=20745"},"modified":"2022-11-11T14:06:44","modified_gmt":"2022-11-11T14:06:44","slug":"lampa-de-masa-neoclassic-57-5-cm","status":"publish","type":"product","link":"https:\/\/decor.md\/ro\/product\/lampa-de-masa-neoclassic-57-5-cm\/","title":{"rendered":"Lamp\u0103 de mas\u0103 NEOCLASSIC, 57.5 cm"},"content":{"rendered":"","protected":false},"excerpt":{"rendered":"<p>Lamp\u0103 de mas\u0103 NEOCLASSIC \u00a0cu baz\u0103 din por\u021belan \u0219i abajur textil (38 cm), culoare &#8211; bej\/albastru\/gri<\/p>\n","protected":false},"featured_media":20159,"template":"","meta":[],"_links":{"self":[{"href":"https:\/\/decor.md\/ro\/wp-json\/wp\/v2\/product\/20745"}],"collection":[{"href":"https:\/\/decor.md\/ro\/wp-json\/wp\/v2\/product"}],"about":[{"href":"https:\/\/decor.md\/ro\/wp-json\/wp\/v2\/types\/product"}],"wp:featuredmedia":[{"embeddable":true,"href":"https:\/\/decor.md\/ro\/wp-json\/wp\/v2\/media\/20159"}],"wp:attachment":[{"href":"https:\/\/decor.md\/ro\/wp-json\/wp\/v2\/media?parent=20745"}],"curies":[{"name":"wp","href":"https:\/\/api.w.org\/{rel}","templated":true}]}}

Lampă de masă NEOCLASSIC, 57.5 cm

<p>Lampă de masă NEOCLASSIC  cu bază din porțelan și abajur textil (38 cm), culoare &#8211; bej/albastru/gri</p>
