{"id":26893,"date":"2021-10-25T11:38:29","date_gmt":"2021-10-25T11:38:29","guid":{"rendered":"https:\/\/decor.md\/?post_type=product&#038;p=26893"},"modified":"2026-01-26T15:42:47","modified_gmt":"2026-01-26T15:42:47","slug":"brad-decorativ-in-sac-40-cm","status":"publish","type":"product","link":"https:\/\/decor.md\/ro\/product\/brad-decorativ-in-sac-40-cm\/","title":{"rendered":"Brad decorativ \u00een sac, 40 cm"},"content":{"rendered":"","protected":false},"excerpt":{"rendered":"<p>Brad decorativ \u00eenz\u0103pezit \u00een sac, 40 cm<\/p>\n","protected":false},"featured_media":26714,"template":"","meta":[],"_links":{"self":[{"href":"https:\/\/decor.md\/ro\/wp-json\/wp\/v2\/product\/26893"}],"collection":[{"href":"https:\/\/decor.md\/ro\/wp-json\/wp\/v2\/product"}],"about":[{"href":"https:\/\/decor.md\/ro\/wp-json\/wp\/v2\/types\/product"}],"wp:featuredmedia":[{"embeddable":true,"href":"https:\/\/decor.md\/ro\/wp-json\/wp\/v2\/media\/26714"}],"wp:attachment":[{"href":"https:\/\/decor.md\/ro\/wp-json\/wp\/v2\/media?parent=26893"}],"curies":[{"name":"wp","href":"https:\/\/api.w.org\/{rel}","templated":true}]}}

Brad decorativ în sac, 40 cm

<p>Brad decorativ înzăpezit în sac, 40 cm</p>
