{"id":47435,"date":"2023-10-25T14:49:47","date_gmt":"2023-10-25T14:49:47","guid":{"rendered":"https:\/\/decor.md\/?post_type=product&#038;p=47435"},"modified":"2024-10-16T14:28:19","modified_gmt":"2024-10-16T14:28:19","slug":"vaza-din-sticla-azure-28cm","status":"publish","type":"product","link":"https:\/\/decor.md\/ro\/product\/vaza-din-sticla-azure-28cm\/","title":{"rendered":"Vaz\u0103 din sticl\u0103 AZURE , 28cm"},"content":{"rendered":"","protected":false},"excerpt":{"rendered":"<p>Vaz\u0103 din sticl\u0103 AZURE , 28cm culoarea-albastr\u0103<\/p>\n","protected":false},"featured_media":47437,"template":"","meta":[],"_links":{"self":[{"href":"https:\/\/decor.md\/ro\/wp-json\/wp\/v2\/product\/47435"}],"collection":[{"href":"https:\/\/decor.md\/ro\/wp-json\/wp\/v2\/product"}],"about":[{"href":"https:\/\/decor.md\/ro\/wp-json\/wp\/v2\/types\/product"}],"wp:featuredmedia":[{"embeddable":true,"href":"https:\/\/decor.md\/ro\/wp-json\/wp\/v2\/media\/47437"}],"wp:attachment":[{"href":"https:\/\/decor.md\/ro\/wp-json\/wp\/v2\/media?parent=47435"}],"curies":[{"name":"wp","href":"https:\/\/api.w.org\/{rel}","templated":true}]}}

Vază din sticlă AZURE , 28cm

<p>Vază din sticlă AZURE , 28cm culoarea-albastră</p>
