{"id":57761,"date":"2024-09-03T08:12:16","date_gmt":"2024-09-03T08:12:16","guid":{"rendered":"https:\/\/decor.md\/?post_type=product&#038;p=57761"},"modified":"2024-09-21T08:41:21","modified_gmt":"2024-09-21T08:41:21","slug":"vaza-din-sticla-emerald-19-5cm","status":"publish","type":"product","link":"https:\/\/decor.md\/ro\/product\/vaza-din-sticla-emerald-19-5cm\/","title":{"rendered":"Vaz\u0103 din sticl\u0103 &#8222;EMERALD&#8221;, 19.5cm"},"content":{"rendered":"","protected":false},"excerpt":{"rendered":"<p>Vaz\u0103 din sticl\u0103 &#8222;EMERALD&#8221;, 19.5cm , D9cm<\/p>\n","protected":false},"featured_media":57762,"template":"","meta":[],"_links":{"self":[{"href":"https:\/\/decor.md\/ro\/wp-json\/wp\/v2\/product\/57761"}],"collection":[{"href":"https:\/\/decor.md\/ro\/wp-json\/wp\/v2\/product"}],"about":[{"href":"https:\/\/decor.md\/ro\/wp-json\/wp\/v2\/types\/product"}],"wp:featuredmedia":[{"embeddable":true,"href":"https:\/\/decor.md\/ro\/wp-json\/wp\/v2\/media\/57762"}],"wp:attachment":[{"href":"https:\/\/decor.md\/ro\/wp-json\/wp\/v2\/media?parent=57761"}],"curies":[{"name":"wp","href":"https:\/\/api.w.org\/{rel}","templated":true}]}}

Vază din sticlă &#8222;EMERALD&#8221;, 19.5cm

<p>Vază din sticlă &#8222;EMERALD&#8221;, 19.5cm , D9cm</p>
