{"id":58089,"date":"2024-09-11T12:26:23","date_gmt":"2024-09-11T12:26:23","guid":{"rendered":"https:\/\/decor.md\/?post_type=product&#038;p=58089"},"modified":"2026-04-01T12:28:17","modified_gmt":"2026-04-01T12:28:17","slug":"crenguta-decorativa-de-lamaie-93cm","status":"publish","type":"product","link":"https:\/\/decor.md\/ro\/product\/crenguta-decorativa-de-lamaie-93cm\/","title":{"rendered":"Crengu\u021b\u0103 decorativ\u0103 de L\u0103m\u00e2ie, 93cm"},"content":{"rendered":"","protected":false},"excerpt":{"rendered":"<p>Crengu\u021b\u0103 decorativ\u0103 de L\u0103m\u00e2ie, 93cm<\/p>\n","protected":false},"featured_media":58090,"template":"","meta":[],"_links":{"self":[{"href":"https:\/\/decor.md\/ro\/wp-json\/wp\/v2\/product\/58089"}],"collection":[{"href":"https:\/\/decor.md\/ro\/wp-json\/wp\/v2\/product"}],"about":[{"href":"https:\/\/decor.md\/ro\/wp-json\/wp\/v2\/types\/product"}],"wp:featuredmedia":[{"embeddable":true,"href":"https:\/\/decor.md\/ro\/wp-json\/wp\/v2\/media\/58090"}],"wp:attachment":[{"href":"https:\/\/decor.md\/ro\/wp-json\/wp\/v2\/media?parent=58089"}],"curies":[{"name":"wp","href":"https:\/\/api.w.org\/{rel}","templated":true}]}}

Crenguță decorativă de Lămâie, 93cm

<p>Crenguță decorativă de Lămâie, 93cm</p>
