{"id":63236,"date":"2025-02-09T09:45:40","date_gmt":"2025-02-09T09:45:40","guid":{"rendered":"https:\/\/decor.md\/?post_type=product&#038;p=63236"},"modified":"2025-08-01T14:56:27","modified_gmt":"2025-08-01T14:56:27","slug":"figurina-decorativa-iepure-cu-umbrela-lux-38cm","status":"publish","type":"product","link":"https:\/\/decor.md\/ro\/product\/figurina-decorativa-iepure-cu-umbrela-lux-38cm\/","title":{"rendered":"Figurin\u0103 decorativ\u0103, Iepure cu umbrel\u0103 Lux, 38cm"},"content":{"rendered":"","protected":false},"excerpt":{"rendered":"<p>Figurin\u0103 decorativ\u0103, Iepure cu umbrel\u0103 \u0219i ceas Lux, 38cm<\/p>\n","protected":false},"featured_media":64428,"template":"","meta":[],"_links":{"self":[{"href":"https:\/\/decor.md\/ro\/wp-json\/wp\/v2\/product\/63236"}],"collection":[{"href":"https:\/\/decor.md\/ro\/wp-json\/wp\/v2\/product"}],"about":[{"href":"https:\/\/decor.md\/ro\/wp-json\/wp\/v2\/types\/product"}],"wp:featuredmedia":[{"embeddable":true,"href":"https:\/\/decor.md\/ro\/wp-json\/wp\/v2\/media\/64428"}],"wp:attachment":[{"href":"https:\/\/decor.md\/ro\/wp-json\/wp\/v2\/media?parent=63236"}],"curies":[{"name":"wp","href":"https:\/\/api.w.org\/{rel}","templated":true}]}}

Figurină decorativă, Iepure cu umbrelă Lux, 38cm

<p>Figurină decorativă, Iepure cu umbrelă și ceas Lux, 38cm</p>
