{"id":63239,"date":"2025-02-09T09:45:57","date_gmt":"2025-02-09T09:45:57","guid":{"rendered":"https:\/\/decor.md\/?post_type=product&#038;p=63239"},"modified":"2025-10-16T15:26:51","modified_gmt":"2025-10-16T15:26:51","slug":"figurina-decorativa-iepure-cu-ceas-lux-23cm","status":"publish","type":"product","link":"https:\/\/decor.md\/ro\/product\/figurina-decorativa-iepure-cu-ceas-lux-23cm\/","title":{"rendered":"Figurin\u0103 decorativ\u0103, Iepure cu ceas Lux, 23cm"},"content":{"rendered":"","protected":false},"excerpt":{"rendered":"<p>Figurin\u0103 decorativ\u0103, Iepure cu ceas Lux, 23cm<\/p>\n","protected":false},"featured_media":64427,"template":"","meta":[],"_links":{"self":[{"href":"https:\/\/decor.md\/ro\/wp-json\/wp\/v2\/product\/63239"}],"collection":[{"href":"https:\/\/decor.md\/ro\/wp-json\/wp\/v2\/product"}],"about":[{"href":"https:\/\/decor.md\/ro\/wp-json\/wp\/v2\/types\/product"}],"wp:featuredmedia":[{"embeddable":true,"href":"https:\/\/decor.md\/ro\/wp-json\/wp\/v2\/media\/64427"}],"wp:attachment":[{"href":"https:\/\/decor.md\/ro\/wp-json\/wp\/v2\/media?parent=63239"}],"curies":[{"name":"wp","href":"https:\/\/api.w.org\/{rel}","templated":true}]}}

Figurină decorativă, Iepure cu ceas Lux, 23cm

<p>Figurină decorativă, Iepure cu ceas Lux, 23cm</p>
