{"id":64157,"date":"2025-03-20T10:22:40","date_gmt":"2025-03-20T10:22:40","guid":{"rendered":"https:\/\/decor.md\/?post_type=product&#038;p=64157"},"modified":"2026-03-08T12:11:32","modified_gmt":"2026-03-08T12:11:32","slug":"vaza-din-sticla-handbag-29cm","status":"publish","type":"product","link":"https:\/\/decor.md\/ro\/product\/vaza-din-sticla-handbag-29cm\/","title":{"rendered":"Vaz\u0103 din sticl\u0103 HandBag, 29cm"},"content":{"rendered":"","protected":false},"excerpt":{"rendered":"<p>Vaz\u0103 din sticl\u0103 sub form\u0103 de gentu\u021b\u0103, 29cm, culoarea- verde<\/p>\n","protected":false},"featured_media":64158,"template":"","meta":[],"_links":{"self":[{"href":"https:\/\/decor.md\/ro\/wp-json\/wp\/v2\/product\/64157"}],"collection":[{"href":"https:\/\/decor.md\/ro\/wp-json\/wp\/v2\/product"}],"about":[{"href":"https:\/\/decor.md\/ro\/wp-json\/wp\/v2\/types\/product"}],"wp:featuredmedia":[{"embeddable":true,"href":"https:\/\/decor.md\/ro\/wp-json\/wp\/v2\/media\/64158"}],"wp:attachment":[{"href":"https:\/\/decor.md\/ro\/wp-json\/wp\/v2\/media?parent=64157"}],"curies":[{"name":"wp","href":"https:\/\/api.w.org\/{rel}","templated":true}]}}

Vază din sticlă HandBag, 29cm

<p>Vază din sticlă sub formă de gentuță, 29cm, culoarea- verde</p>
